 3. Let h be n(-5). Suppose -h*y + 5*y - 4*g + 4 = 0, -2*y + 3*g = 2. List the prime factors of l(y).
3, 5
Let i = 0 - -1853. List the prime factors of i.
17, 109
Suppose -3*h + 5 = -5*g - 4, -h + 17 = 3*g. Let o(f) = 7*f - 19. Let u be o(h). Let s = u - 15. What are the prime factors of s?
2, 11
Suppose 9224 = 5*t - 4*u, -7404 = 4*t - 8*t - 3*u. List the prime factors of t.
2, 3, 7, 11
Let w(i) = i**2 - 2*i - 4. Let d be w(-2). List the prime factors of 3/(-18) + d/(72/399).
2, 11
What are the prime factors of ((-19908)/(-90))/(2/20)?
2, 7, 79
Let k = -61 + -69. Let u = -75 - k. List the prime factors of u.
5, 11
Let c(r) = -r**2 - 17*r + 19. Let i = 107 - 124. List the prime factors of c(i).
19
Suppose -5*g = 5*b + 35, 0 = 4*g - g - 15. Let f(z) = z**2 + 8*z - 12. Let h be f(b). Suppose m = -h + 104. List the prime factors of m.
2, 17
What are the prime factors of 4*(-6 + 5) - -697?
3, 7, 11
Let x be (393/(-5))/(3 + 32/(-10)). Suppose 339 + x = 6*w. What are the prime factors of w?
2, 61
Suppose -4*q - 5*w = -86, -2*w + w = -5*q + 122. Suppose -20*c = -q*c + 712. List the prime factors of c.
2, 89
Let g(r) = -4*r**2 + r + 1. Let n be g(-1). Let o be 6/(-2*(-115)/(-210) + 1). List the prime factors of n - (o + 4 + 0).
5, 11
Let l be (-317)/(1 + 1 + 3/(-1)). Let x = l + -159. What are the prime factors of x?
2, 79
Suppose -5*t = -1 + 16. Suppose -3*x + 20 = 2*x, 152 = 4*h + x. Let v = h + t. List the prime factors of v.
2, 17
Suppose -4*z + 51 = -5*w, -3*z + w - 3 = -44. Let h(t) = t**3 - 6*t**2 + 8*t - 6. Let d be h(5). Suppose 165 = z*k - d*k. List the prime factors of k.
3, 11
Suppose 25 - 97 = -3*v. Let y be 46 + 13 - (-2 + 1). Suppose 3*a - 6*a + v = q, 4*q - y = -3*a. List the prime factors of q.
2, 3
Suppose 3*q - 2280 = l, 3*l + 161 = -2*q + 1692. What are the prime factors of q?
761
Let w = 3 - 1. List the prime factors of w/(-2) + (49 - 3).
3, 5
Let o(m) = 14*m**2 - m - 15. Let t(b) = -13*b**2 + 2*b + 14. Let n(k) = -6*o(k) - 7*t(k). What are the prime factors of n(-5)?
3, 23
What are the prime factors of ((-3)/(-6))/((-99512)/(-33168) + -3)?
3, 691
Suppose 17050 = 9*j + 2767. List the prime factors of j.
3, 23
Let a(g) = -2*g**3 + 5*g**2 - 6*g - 6. Suppose 8*p - 6 = 10*p. What are the prime factors of a(p)?
3, 37
Suppose -279*z + 4665 = -264*z. List the prime factors of z.
311
Suppose -5*d + d - 3*y + 22 = 0, 4*d = 4*y + 8. Let a = -109 + 309. Suppose -4*p - a = -d*m, 2*m + 4*p - 17 = 89. What are the prime factors of m?
3, 17
Let w(x) = x**3 - x**2 + 6. Let k(v) = -2*v**3 + v**2 + v - 7. Let b(q) = -2*k(q) - 3*w(q). Let i = 5 - 2. List the prime factors of b(i).
2, 13
Let w be (-1)/1*(-3 - -59). Let a = w + 81. What are the prime factors of a?
5
Let m(n) = 4*n**2 + 2*n + 38. List the prime factors of m(-7).
2, 5, 11
Suppose -3*h - 3*d = h - 1983, 3*h - 1487 = -2*d. What are the prime factors of h?
3, 5, 11
Let q = -53 + 276. What are the prime factors of q?
223
Suppose 0 = 3*c + 5*c + 1088. Let t = -78 - c. What are the prime factors of t?
2, 29
Let d be (-16)/(-12) + 22/6. Let s be (-2)/(-9) - (-194)/18. Suppose 4*a - 4*g - 79 = d, -a + s = g. What are the prime factors of a?
2
Let u(i) = i**3 - 13*i**2 + 2*i - 8. Let w(c) = c**3 - 2*c - 3. Let d be w(3). Suppose 2*k = -5*h - 3*k + 55, d = 2*h + 4*k. What are the prime factors of u(h)?
2, 3
Let r(m) = -m**3 - 12*m**2 - m - 6. Let o be r(-12). Suppose -2*q = -0*q + o. List the prime factors of ((-9)/(-4))/(q/(-12)).
3
Let l(j) = 4*j**3 + j**2 + 2*j + 1. Let z be l(-1). What are the prime factors of ((-6)/z)/(42/1064)?
2, 19
Let a = 19 + -14. Suppose 24 = a*m - m. What are the prime factors of m?
2, 3
Let x(b) = 222*b + 33. What are the prime factors of x(6)?
3, 5, 7, 13
Suppose 2*l - 1019 = d + 2*d, 3*d - 5*l = -1004. Let k = d - -495. What are the prime factors of k?
2, 19
Suppose 4*p - 9*p = 150. List the prime factors of 2/(-6) + (-1150)/p.
2, 19
Let m be 4 + (4/6)/(4/2400). Suppose -1477 = -9*y + m. List the prime factors of y.
11, 19
List the prime factors of (5 + -8)*654/(-6).
3, 109
Suppose 32*d - 76 = 28*d. Let i = d + 10. What are the prime factors of i?
29
Suppose 3*r - 6 = 0, -10 = -3*g - 2*g + 5*r. Suppose -y + 622 = 2*y - g*o, -2*o + 224 = y. Suppose 0 = -5*n + 1 + y. What are the prime factors of n?
43
Suppose 111*r = 115*r + 16. List the prime factors of r/((-16)/196) + 0 + -2.
47
Suppose 0 = -2*p + 4*t - 10, 1 + 17 = 2*p + 3*t. Suppose -326 = p*z - 8*z + 3*y, 9 = 3*y. What are the prime factors of z?
67
Let b(t) = 6*t + 20. Let v(q) = -q + 1. Let a(l) = b(l) + 5*v(l). Let p = -6 - 3. List the prime factors of a(p).
2
Suppose -2*o - 9472 = -18*o. What are the prime factors of o?
2, 37
Let i be ((-12)/5)/((-6)/20). Suppose -5*d = -23 + i. Suppose -4*g = -d*g + o - 22, -4*g = -5*o - 124. List the prime factors of g.
2, 13
Suppose 25*l = 21*l - 928. Let v = l - -442. List the prime factors of v.
2, 3, 5, 7
Suppose -4*t + 3*q = 4*q, 0 = -5*t - 2*q. Let w(j) = 5*j - 3*j - 11*j**2 + j**3 - 11 + t*j + 0*j**3. What are the prime factors of w(11)?
11
Let v be 0 - (-18*1 + 2). Let n = v - 79. Let u = n + 88. What are the prime factors of u?
5
Let q(y) = -16*y + 9. Let b be q(3). List the prime factors of (b/(-2))/(30/260).
13
Suppose -4 = 4*n - 16, g - 914 = -n. What are the prime factors of g?
911
Let n(j) = 3*j**3 + 10*j**2 + 10*j - 5. Let q(x) = -2*x**3 - 10*x**2 - 11*x + 4. Let g(y) = -3*n(y) - 4*q(y). What are the prime factors of g(11)?
2
Let z(b) = b**3 - 11*b**2 + 7*b - 4. List the prime factors of z(12).
2, 7
Let y = 163 - 156. List the prime factors of y.
7
Let o = -599 - -1034. List the prime factors of o.
3, 5, 29
Suppose -2*f + 9*f = 0. Suppose 6 = -2*k - 0*k, u - 3*k - 28 = f. Suppose 5*v - 2*o = 28, 0*o = -3*v - o + u. List the prime factors of v.
2, 3
Let g be -184 + (0 - -9)/3. Let z = g - -402. List the prime factors of z.
13, 17
Let p(j) = j**2 - 25*j + 56. What are the prime factors of p(41)?
2, 89
Let z(w) = 125*w**3 + w. Let g = 7 + -6. Let h be z(g). What are the prime factors of ((-48)/14)/((-12)/h)?
2, 3
Let k(g) = 19*g**2 + 13*g - 63. List the prime factors of k(5).
3, 53
Suppose -4*i = -5*j + 54, -j + 0*i = -i - 11. Let s(m) = 4*m**2 - 14*m + 2. What are the prime factors of s(j)?
2, 131
Let d(p) = -p**3 + 11*p**2 + p - 3. Let k be d(11). List the prime factors of (18*(-4)/(k/(-22)))/1.
2, 3, 11
Suppose 29*k - 340 = 12*k. Let g(h) = -h**3 + 5*h**2 - 2*h - 2. Let q be g(5). Let m = k + q. List the prime factors of m.
2
Suppose 6*d = 4*d - 120. Let f be d/3*15/(-12). Let n = 85 - f. What are the prime factors of n?
2, 3, 5
Suppose -t + 4*k + 444 = 0, 4*t + 3*k = -t + 2312. What are the prime factors of t?
2, 5, 23
Let m = -218 + 1541. List the prime factors of m.
3, 7
Suppose -4*s = -y - 3785, -9*s + 6*s + 4*y + 2829 = 0. What are the prime factors of s?
947
Let l(x) = x**2 + 2*x - 10. Let j(i) = -i**2 - 11*i - 20. Let k be j(-8). Suppose -n - 12 = -k. What are the prime factors of l(n)?
2, 19
Let x be 6/(-16)*2*-4. Let f be 1/x - 606/(-18). Let y = f + -15. What are the prime factors of y?
19
Let a(w) = -4*w - 13. Let h be a(-7). Suppose 38*f - h = 33*f. List the prime factors of (-296)/(-10) + f/(-5).
29
Suppose -10*n + 7*n + 477 = 0. List the prime factors of n.
3, 53
Suppose 0 = -16*j + 13*j + 1194. What are the prime factors of j?
2, 199
Suppose -g - 5*f = -20, -6*g + 8 = -4*g + 2*f. Let p(s) = -s + 243. What are the prime factors of p(g)?
3
Let r(i) be the second derivative of 1/6*i**3 - 2*i + 0 + 4*i**2 + 7/12*i**4 - 1/20*i**5. What are the prime factors of r(7)?
3, 5
Let y(n) be the third derivative of n**5/60 - n**4/8 + n**3/3 - 6*n**2. List the prime factors of y(-5).
2, 3, 7
Let b = -1 - 4. Let a = b + 41. Let c = -16 + a. List the prime factors of c.
2, 5
Let a = -941 - -2790. List the prime factors of a.
43
Suppose f - 308 = -5*a + 1864, -5*f - 2*a = -10860. What are the prime factors of f?
2, 3, 181
Let h(p) = -p**2 + 10*p + 2. Let z be (0 - -18)*(-3)/(-2). Let v = z + -19. List the prime factors of h(v).
2, 3
Let g(l) be the third derivative of -l**6/120 - l**5/20 + 5*l**3/2 - 17*l**2. What are the prime factors of g(0)?
3, 5
Let g(w) = 22*w + 26. Let k be g(14). Let o = 496 - k. What are the prime factors of o?
2, 3
Suppose -x + 54